mon divisor of 484 and y.
121
Suppose 1135 = 2*q - 197 - 1394. What is the highest common divisor of 667 and q?
29
Let n(u) = -u**3 - 4*u**2 - 5*u. Let z be n(-4). Let d = 3 + z. Let s be d*(-1)/(2*3/(-12)). Calculate the highest common divisor of s and 69.
23
Suppose n + 631 = 3*l, -3*l + 604 = -4*n - 12. Suppose -l = -4*y - 4*c, y = 3*y - c - 97. What is the greatest common factor of y and 250?
50
Suppose 12*k - 895 = 1625. Let g = k + -208. Let s be (-4)/(8/(-2) - -2). What is the greatest common divisor of s and g?
2
Let i = 44 + -22. Suppose -31*h + i*h + 648 = 0. What is the highest common factor of h and 9?
9
Let g be 5508/1071*(-21)/(-9). Let a be (-75)/(-6) + (-1)/2. Calculate the greatest common factor of a and g.
12
Let m be (2 + -1)/(5 - (-72)/(-15)). Suppose -m*h - 4*l = -1580, 5*h - 506 - 1074 = 4*l. Calculate the highest common divisor of h and 237.
79
Let f(t) = -258*t + 396. Let m be f(-7). What is the highest common divisor of 12 and m?
6
Let z be ((-31)/62)/(2/(-20)). Suppose z*s + b - 254 - 284 = 0, s - 110 = b. Calculate the highest common divisor of s and 81.
27
Let d(f) = 21*f**2 + 188*f + 33. Let s be d(-9). Let p = 244 - 146. Calculate the greatest common factor of p and s.
14
Let w be (-18 + (-280)/(-15))*162/4. What is the greatest common divisor of 234 and w?
9
Suppose 8407 = 21*i + 763. Calculate the greatest common divisor of 28 and i.
28
Let y(l) = -48*l**2 + 7*l + 3. Let u(r) = -94*r**2 + 15*r + 7. Let p(g) = 4*u(g) - 9*y(g). Let x be p(-1). What is the highest common factor of x and 30?
30
Let l(c) = 1851*c - 12919. Let s be l(7). Calculate the greatest common divisor of s and 11153.
19
Suppose 2*k = -3*g - 4, -3*k - 22*g + 17*g - 6 = 0. Let v be k/11 - ((-7926)/11)/3. What is the highest common factor of 32 and v?
16
Let k = 10474 - 10469. Calculate the highest common divisor of 6475 and k.
5
Let x = 495 + -212. Suppose -2*g + 3*m + 246 = 0, -3*g - 4*m + 69 + x = 0. What is the highest common factor of g and 6?
6
Suppose -5*v = -3*v - 276. Let w = v + -90. Suppose -23*i + 19*i + 13*y = 2, 5*y = -3*i + 28. What is the highest common factor of w and i?
6
Let p = 17077 - 17070. Suppose -n + 190 + 97 = 0. What is the highest common divisor of p and n?
7
Suppose 10*b = -b + 5*b. Suppose -4*c + 93 + 307 = b. What is the highest common factor of c and 50?
50
Let s = 12336 - 8514. Calculate the highest common factor of 117 and s.
39
Suppose 220 = -9284*d + 9295*d. Calculate the greatest common factor of d and 4780.
20
Suppose 8*o = 7*o + 16. Suppose 0 = 147*l - 135*l - 432. What is the greatest common factor of l and o?
4
Let x(n) = -n + 6. Suppose 0 = -5*d - g + 5, g - 1 - 2 = -4*d. Let r be 6/((-1)/3 - d/6). Let l be x(r). Calculate the highest common factor of 75 and l.
15
Let c(g) = 7*g**3 - 22*g**2 - 3*g. Let z be c(4). Suppose 7*i = 16*i - 252. Calculate the highest common divisor of i and z.
28
Let w be (-65 - 0) + (-3 - 2). Let x = 659 + w. Calculate the highest common factor of 38 and x.
19
Let j be -48 + 51 + (-2919)/(-3). Calculate the highest common factor of 16 and j.
16
Let i be (-4 - (-3 + -2))/((-1)/(-36)). Let t = i - -4. Let l = t - 37. Calculate the highest common factor of 39 and l.
3
Suppose -5*z + 13 = w, 2*w + 2*w = 4*z + 52. Suppose 2*l + 0*d - 2*d = 224, 3*d - 600 = -5*l. Calculate the highest common factor of l and w.
13
Let d = -9733 - -9737. What is the highest common divisor of d and 244?
4
Suppose -86 - 154 = -z. Suppose 0 = q - 108 - z. Suppose 3*y - 6*v + v - 508 = 0, v = 2*y - q. Calculate the greatest common divisor of y and 44.
44
Suppose -7*x = -6*x - 1, -5*p - x + 43051 = 0. Suppose -33*c = p - 32436. Calculate the greatest common divisor of c and 19.
19
Let x = 245 - 213. Let a = -15 - -17. Let m be (-21)/7 + 5 + a. Calculate the highest common divisor of x and m.
4
Let j(i) = -i**3 + 33*i**2 + 2*i + 45. Let k be j(33). Calculate the greatest common divisor of k and 1147.
37
Let b = -852 - -987. Calculate the highest common divisor of 1260 and b.
45
Let i = 855 - 853. Suppose 5*n = -x - 3, x = 3*n + 2*n - 3. Let c be (i - n - 0) + 2*7. Calculate the greatest common factor of 128 and c.
16
Suppose -c = 3*z - 402 - 441, -c = -3. Calculate the highest common factor of 98 and z.
14
Let c = 68 + 4. Suppose -3*b - 38 = 64. Let t be (-7)/(42/(-4)) - b/3. Calculate the greatest common divisor of c and t.
12
Let p(z) = 2*z**3 - 26*z**2 + 122*z - 608. Let a be p(16). What is the greatest common divisor of 684 and a?
36
Let a = 5938 + -5710. What is the greatest common divisor of 513 and a?
57
Let b = 5519 - 5435. What is the highest common divisor of b and 882?
42
Let r be (-1344)/(-231) - (-4)/44*2 - -575. What is the highest common divisor of r and 7?
7
Let l = -11 - -16. Let o be 68 - -2 - (41 - 39). Suppose -o = 16*z - 948. What is the highest common divisor of l and z?
5
Suppose -3*l + 312 = a, 2*l - 313 = -a - 0*l. Suppose 4*f = a + 53. Let m = -54 + f. What is the greatest common divisor of 19 and m?
19
Let g(j) = 3*j**2 + j - 2. Let k be g(2). Let b(v) = 5*v - 5. Let m be b(3). Suppose -80 - m = -5*a. Calculate the greatest common divisor of k and a.
6
Suppose -352*z = -358*z + 3546. Let n = z - 511. Calculate the highest common divisor of 64 and n.
16
Let v(b) = -5*b**3 + 2*b**2 + 3*b + 1. Let f be v(-1). Suppose f*t - 1125 = -5*w, 0 = -t - w - 2*w + 219. What is the highest common divisor of t and 36?
12
Suppose -3*a - 5*x + x = -77, -4 = 4*x. Suppose 2*t - 120 = -3*t - 5*i, -a = -t - 4*i. Let y = 126 - 11. Calculate the greatest common divisor of y and t.
23
Let t = 110 + 6. Let r(b) = 4 - 263*b - 3*b**3 + 3 + b**2 + 266*b. Let u be r(-2). What is the highest common factor of u and t?
29
Suppose 4*i - 3*i - 11*i = -82360. What is the greatest common factor of 29 and i?
29
Suppose 3*j - 186 - 600 = 0. Suppose -5*h - 3*t + 322 = -19, 4*h = 3*t + j. Let a = h + 14. What is the highest common factor of 27 and a?
27
Suppose 820 + 464 = 6*k. Suppose 5*q = -4*h + 263, 2*q + 5*h - k = -2*q. Calculate the highest common factor of 170 and q.
17
Suppose -4*s - 27 = -415. Suppose -3*p + 74 = -s. Let i be p/11 + (-8)/44. What is the highest common factor of 2 and i?
1
Let i = -1520 + 1536. Let x(n) = n**3 + 2*n**2 + 4*n - 8. Let p be x(6). What is the greatest common factor of i and p?
16
Let w be 3/12 + (-758)/(-8). Let i be (-15 - -11)*(-225)/60. Calculate the highest common divisor of w and i.
5
Let l be ((-28)/(-35))/(2/5). Suppose -l*k = 5*k + 21. Let v be k/2*-4 + 8 + -11. Calculate the greatest common divisor of 9 and v.
3
Let b(t) = -26*t + 10. Suppose 21 = -21*y - 0*y. Let f be b(y). What is the highest common divisor of f and 8?
4
Let w(m) = 20*m**2 + 91*m + 318. Let j be w(-23). What is the highest common divisor of 30 and j?
15
Let b(n) = n**3 - 4*n**2 + 4*n - 2. Let v be b(3). Let s be (-123)/(-6) - v/(-2). Suppose -23 = -2*j + s. Calculate the highest common divisor of j and 2.
2
Let x be 1460/(4 + 1) - 68/17. Calculate the greatest common factor of x and 648.
72
Let q(p) = p**2 - 7*p + 3. Let d be 13*(-4 + (-2 - -7))*3. Suppose -10 = -7*f + d. Let h be q(f). Calculate the highest common divisor of h and 9.
3
Suppose 132*g - 132020 = 17*g. Calculate the greatest common factor of 123 and g.
41
Let a be (-312)/(-10) - 11 - 1/5. Suppose d + 3*x = 192, x - 33 - 691 = -4*d. What is the highest common divisor of a and d?
20
Let k be -1*5/15*-12. Suppose -k*w = b - 9, -3*b + b = 4*w - 6. Calculate the highest common divisor of 7 and w.
1
Let v(f) = -f**3 - 36*f**2 + 20*f + 90. Let k be v(-37). Suppose k*n + 80 = 721*n. What is the highest common factor of n and 144?
8
Let u(l) = l - 6. Let c be u(6). Suppose 22 = 2*i + o, i - 2*o + 4*o - 14 = c. Suppose -30 = -5*g - 5. Calculate the greatest common factor of i and g.
5
Let m = 3932 + -3863. Calculate the greatest common divisor of m and 943.
23
Let i = 10 + -9. Suppose 0 = 4*x - 35 + 59. Let q be i/((-9)/x)*27. What is the greatest common factor of q and 126?
18
Suppose -7*u - 23 = -2. Let c(x) = -17*x - 21. Let q be c(u). Calculate the highest common divisor of q and 70.
10
Let p = -11 - 30. Let y = 38 + p. Let t be (-1074)/(-18) + (-1)/y. Calculate the greatest common factor of 24 and t.
12
Let m be (-4 - 45/(-10)) + 1122/12 - -